 n(2)?
54
Let a(r) = -52*r - 2. What is a(0)?
-2
Let l(z) = z**3 + 15*z**2 - 16*z - 3. What is l(-16)?
-3
Let u(b) = -b**2 + 2*b + 61. Determine u(0).
61
Let j(l) = -l**3 + 3*l**2 + 4*l - 5. What is j(5)?
-35
Let r(w) = w**3 + 11*w**2 + 10. What is r(-11)?
10
Let i(b) = 17*b - 65. Calculate i(5).
20
Let k(x) = -38*x - 274. What is k(-7)?
-8
Let z(g) = -g**3 - 6*g**2 + g - 33. Determine z(-7).
9
Let r(b) = b + 61. Determine r(-35).
26
Let x(q) = 8*q + 11. Give x(2).
27
Let d(m) = -8*m - 1. Give d(3).
-25
Let m(c) = c**3 - 5*c**2 + 4*c - 8. Determine m(6).
52
Let a(t) = -10*t - 84. Determine a(-11).
26
Let z(o) = o - 16. What is z(0)?
-16
Let q(u) = -18*u + 310. Calculate q(18).
-14
Let d(z) = -2*z**2 + 21. What is d(3)?
3
Let r(a) = -a**2 + 7*a + 1. Determine r(4).
13
Let v(x) = 3*x**2 + 3*x + 10. Determine v(-2).
16
Let o(p) = -p**3 + 20*p**2 - 102*p. What is o(10)?
-20
Let l(y) = 4*y - 36. Give l(11).
8
Let v(w) = w**2 - 5*w - 8. What is v(-3)?
16
Let n(m) = 6*m**3 - 2*m + 1. What is n(1)?
5
Let a(d) = -d**3 - 22*d**2 + 19*d - 92. Give a(-23).
0
Let x(a) = -11*a**2 + 56*a - 3. Determine x(5).
2
Let d(v) = v**3 + 16*v**2 + 15*v + 6. Determine d(-15).
6
Let l(w) = w**3 + 7*w**2 - 5*w - 13. What is l(-7)?
22
Let m(o) = -2*o + 47. Give m(5).
37
Let d(z) = z**2 + 9*z - 18. Give d(-9).
-18
Let t(i) = i**3 + 11*i**2 + 6*i - 6. Give t(-10).
34
Let v(t) = -2*t + 3. What is v(7)?
-11
Let u(c) = c**2 + 11*c + 46. Determine u(-8).
22
Let a(n) = -n - 2. Give a(8).
-10
Let y(u) = -u**2 + 8*u + 3. What is y(9)?
-6
Let v(j) = -2*j**2 + 4*j + 1. What is v(3)?
-5
Let c(l) = -2*l + 19. What is c(17)?
-15
Let v(q) = -q**3 - 6*q**2 + 5*q - 27. Give v(-6).
-57
Let c(g) = -g**3 - 6*g**2 + 9*g + 9. What is c(-7)?
-5
Let s(h) = h**3 - 9*h**2 - 11*h + 11. What is s(10)?
1
Let t(k) = 2*k**2 - 2*k - 68. Determine t(0).
-68
Let t(k) = k**2 - 33*k + 232. Determine t(22).
-10
Let f(l) = -l**3 - 9*l**2 - 10*l - 11. Give f(-8).
5
Let c(y) = -5*y + 59. Determine c(15).
-16
Let h(y) = -y**2 - 18*y - 11. Calculate h(-17).
6
Let y(b) = -b**2 - 7*b + 11. Determine y(-8).
3
Let z(s) = 2*s**3 - 10*s**2 + 5*s + 6. Determine z(4).
-6
Let j(f) = 3*f**2 + f - 2. What is j(2)?
12
Let p(y) = -11*y + 4. Give p(-4).
48
Let a(d) = -d - 3. Calculate a(-3).
0
Let o(b) = -36*b**3 - b**2 + 1. Determine o(-1).
36
Let q(h) = -h**3 - 10*h**2 + 24*h - 8. Give q(-12).
-8
Let a(t) = 2*t - 35. Calculate a(9).
-17
Let f(l) = 31*l - 47. What is f(2)?
15
Let f(x) = -x**2 - 2*x + 4. Give f(-5).
-11
Let l(u) = -u**2 - 6*u - 2. Determine l(-7).
-9
Let y(k) = k**2 + 8*k - 3. What is y(-7)?
-10
Let k(s) = s**3 + 4*s**2 - 3*s - 3. Calculate k(-4).
9
Let d(k) = k**2 + 9*k - 96. Determine d(6).
-6
Let a(u) = -u**2 - u + 5. Calculate a(-3).
-1
Let v(u) = 2*u**2 + 18*u - 14. What is v(-12)?
58
Let k(h) = -61*h + 10. Calculate k(-2).
132
Let l(u) = 2*u**2 - 21*u - 8. Calculate l(11).
3
Let p(n) = 4*n + 5. Calculate p(0).
5
Let a(j) = j**3 + 13*j**2 - 7*j + 15. Calculate a(-14).
-83
Let x(q) = q**3 + 5*q**2 - 7*q - 9. Give x(-6).
-3
Let f(j) = j**3 + 4*j**2 - 18*j - 2. Calculate f(-6).
34
Let m(k) = -k**2 - 35*k - 126. What is m(-30)?
24
Let t(j) = 76*j - 8. Calculate t(-1).
-84
Let c(w) = -13*w - 61. Give c(-5).
4
Let f(j) = 21*j - 68. Give f(3).
-5
Let u(c) = c**3 + 3*c**2 + 2*c + 3. Determine u(-3).
-3
Let r(h) = 4*h**3 + 2*h - 1. Determine r(1).
5
Let l(q) = 2*q - 39. What is l(-10)?
-59
Let v(x) = -x**2 - 12*x - 5. Determine v(-12).
-5
Let x(m) = 7*m - 17. What is x(1)?
-10
Let z(q) = 4*q + 20. Give z(-7).
-8
Let l(b) = b**3 - 6*b**2 - 5*b - 8. Calculate l(7).
6
Let k(r) = -2*r**3 - 3*r + 2. Give k(1).
-3
Let b(i) = i - 11. Give b(10).
-1
Let a(b) = b**3 - 5*b**2 + 3*b. Calculate a(4).
-4
Let z(x) = -5*x - 54. Determine z(-4).
-34
Let y(r) = r**3 - 9*r**2 + r - 4. Calculate y(9).
5
Let h(k) = -5*k - 38. Give h(11).
-93
Let t(l) = -l**3 + 8*l**2 + 11*l - 3. Give t(9).
15
Let h(p) = -4*p**3 - 39*p**2 + 7*p - 21. Calculate h(-10).
9
Let j(y) = -y**3 - 46*y**2 - 84*y + 187. Give j(-44).
11
Let v(p) = 2*p**3 + 7*p**2 - 6*p - 2. Calculate v(-4).
6
Let n(i) = 6*i. Give n(-4).
-24
Let t(g) = -g**3 - 8*g**2 + 7*g - 13. Give t(-9).
5
Let d(o) = -o**3 - 11*o**2 + 26*o + 6. What is d(-13)?
6
Let f(p) = -p**3 - 7*p**2 - 7*p - 9. Calculate f(-6).
-3
Let i(g) = -4*g**3 + 2*g**2 + g + 2. Give i(2).
-20
Let n(c) = c**3 - 6*c**2 - 14*c - 8. Calculate n(8).
8
Let y(m) = -m**3 + 6*m**2 - m + 6. Give y(0).
6
Let o(q) = -9*q**2 + 34*q - 3. Determine o(4).
-11
Let r(o) = o**2 + 51*o - 60. Calculate r(-52).
-8
Let w(p) = 3*p**2 + 5*p + 1. Calculate w(-2).
3
Let a(l) = -l - 80. Give a(-32).
-48
Let z(i) = 2*i + 23. Give z(-13).
-3
Let x(r) = -9*r - 42. Calculate x(-7).
21
Let k(u) = -u**3 + 16*u**2 - 23*u + 14. Give k(14).
84
Let z(v) = v**3 + 4*v**2 - 9*v - 14. Determine z(-5).
6
Let w(h) = -h**2 + 4*h. Give w(5).
-5
Let s(c) = -37*c**2 - 407*c - 12. Determine s(-11).
-12
Let n(s) = 6*s + 27. What is n(-5)?
-3
Let o(q) = 8*q + 60. What is o(-13)?
-44
Let c(l) = 4*l + 14. Calculate c(5).
34
Let t(d) = d**2 - 35*d + 91. Determine t(29).
-83
Let h(j) = 5*j - 7. Give h(3).
8
Let m(l) = -l + 24. What is m(16)?
8
Let t(p) = -22*p - 334. Determine t(-16).
18
Let s(y) = 3*y - 10. What is s(7)?
11
Let s(v) = 46*v - 45. Calculate s(1).
1
Let n(j) = -3*j**2 - 42*j + 8. Determine n(-14).
8
Let f(j) = -j - 22. What is f(-25)?
3
Let i(u) = -14*u - 1. Determine i(-9).
125
Let h(w) = 2*w**2 + 75*w + 108. What is h(-36)?
0
Let v(u) = u**3 - 2*u**2 - 2*u + 14. Give v(0).
14
Let d(r) = -r**2 - 5*r + 4. Calculate d(-5).
4
Let f(w) = -16*w + 108. What is f(6)?
12
Let x(u) = -u**2 + 11*u - 5. What is x(9)?
13
Let n(d) = -9*d**2 - d - 6. Determine n(0).
-6
Let a(s) = s**3 + 8*s**2 - 10*s + 9. Calculate a(-9).
18
Let r(a) = 3*a - 8. Calculate r(7).
13
Let f(g) = -g**2 + 11*g - 6. What is f(11)?
-6
Let n(c) = -c**3 + 8*c**2 - 6*c - 12. Calculate n(7).
-5
Let w(a) = 2*a**2 + a + 9. Determine w(-3).
24
Let c(d) = d**3 + 43*d**2 - 42*d + 58. Give c(-44).
-30
Let m(y) = -y - 14. Give m(0).
-14
Let r(l) = -7*l**3 - 3*l + 2. Calculate r(1).
-8
Let d(y) = -y**2 - 7*y - 10. Determine d(-3).
2
Let c(h) = -h**2 + 6*h + 5. Give c(5).
10
Let a(q) = 3*q + 22. Determine a(-5).
7
Let k(g) = 2*g**3 - 15*g**2 + 8*g + 4. Calculate k(7).
11
Let v(c) = c**3 - 4*c**2 + 4*c - 2. Calculate v(4).
14
Let k(h) = 2*h - 26. Calculate k(25).
24
Let w(f) = -2*f**2 + 3*f - 3. What is w(0)?
-3
Let g(w) = 96*w + 492. Give g(-5).
12
Let m(r) = -152*r - 2. Calculate m(1).
-154
Let h(n) = 2*n**2 + 16*n + 8. What is h(-7)?
-6
Let d(l) = -3*l**2 - 9*l + 5. Determine d(-4).
-7
Let a(m) = 2*m - 9. Give a(-8).
-25
Let d(s) = -2*s - 6. What is d(0)?
-6
Let n(q) = q**3 + 56*q**2 + q + 61. What is n(-56)?
5
Let w(o) = 2*o**2 - 11*o + 57. What is w(7)?
78
Let q(i) = -i**3 + 9*i**2 + 2*i + 2. Determine q(9).
20
Let d(p) = -p + 5. What is d(12)?
-7
Let g(b) = b**2 - 57*b + 642. Determine g(16).
-14
Let x(d) = -42*d - 116. Calculate x(-3).
10
Let y(o) = o**3 - 7*o**2 + 8*o - 117. Calculate y(8).
11
Let p(l) = -9*l + 78. Determine p(10).
-12
Let r(m) = 4*m - 6. Calculate r(6).
18
Let q(p) = -7*p - 8. Calculate q(-3).
13
Let g(o) = o**3 + 15*o**2 - 32*o + 40. Give g(-17).
6
Let k(o) = o**3 - 4*o**2 - 5. Calculate k(4).
-5
Let j(o) = -2*o**2 + 32*o - 60. Calculate j(14).
-4
Let g(t) = t + 19. Give g(-12).
7
Let n(s) = 5*s - 68. Calculate n(16).
12
Let l(a) = 18*a**2 - 57*a + 6. Calculate l(3).
-3
Let i(u) = u**3 + 47*u**2 + 46*u + 4. What is i(-46)?
4
Let o(j) = -j**2 + 14*j + 3. Give o(15).
-12
Let a(i) = -2*i**2 - 2*i + 2. Calculate a(-3).
-10
Let p(v) = -v**3 - 15*v**2 - 17*v - 44. Determine p(-14).
-2
Let o(b) = -b**2 + 22*b - 64. Give o(21).
-43
Let i(l) = 11*l + 34. Determine i(-6).
-32
Let o(x) = -x**2 + 23*x + 8. Give o(24).
-16
Let x(d) = 17*d - 45. Determine x(5).
40
Let u(p) = 5*p - 70. What is u(12)?
-10
Let m(i) = -i**3 - 10*i**2 + 10*i - 17. Calculate m(-11).
-6
Let q(t) = -2*t**2 + 38*t + 33. Give q(20).
-7
Let r(x) = 5*x**2 + 2*x + 1. Calculate r(-1).
4
Let f(x) = x**2 + x - 17. Calculate f(0).
-17
Let k(h) = -h**3 + 2*h**2 - h - 3. Determine k(3).
-15
Let t(v) = -v**3 + 6*v**2 + 6*v + 7. Determine t(7).
0
Let z(b) = b**2 - 10*b - 7. Determine z(12).
17
Let x(s) = -s**3 - 11*s**2 + 149*s 